{"id":51,"date":"2024-01-03T10:00:46","date_gmt":"2024-01-03T10:00:46","guid":{"rendered":"http:\/\/kmyazilim.com\/?page_id=51"},"modified":"2024-01-31T13:20:08","modified_gmt":"2024-01-31T13:20:08","slug":"iletisim","status":"publish","type":"page","link":"http:\/\/kmyazilim.com\/index.php\/iletisim\/","title":{"rendered":"\u0130leti\u015fim"},"content":{"rendered":"\n<div class=\"wp-block-group is-layout-constrained wp-container-core-group-is-layout-85e28543 wp-block-group-is-layout-constrained\" style=\"padding-top:0px;padding-right:var(--wp--preset--spacing--60);padding-bottom:0px;padding-left:var(--wp--preset--spacing--60)\">\n<div class=\"wp-block-group is-layout-constrained wp-container-core-group-is-layout-61f7a5d6 wp-block-group-is-layout-constrained\">\n<h1 class=\"wp-block-heading has-text-align-center blockpage-heading\" style=\"font-style:normal;font-weight:500\">Bize Ula\u015f\u0131n<\/h1>\n\n\n\n<p class=\"has-text-align-center has-normal-font-size\" style=\"margin-top:50px;line-height:1.5\">\u0130htiya\u00e7lar\u0131n\u0131za Uygun \u00c7\u00f6z\u00fcmler \u0130\u00e7in Bize Ula\u015f\u0131n<\/p>\n<\/div>\n\n\n\n<div class=\"wp-block-columns are-vertically-aligned-top is-layout-flex wp-container-core-columns-is-layout-dae819a5 wp-block-columns-is-layout-flex\" style=\"margin-top:70px\">\n<div class=\"wp-block-column is-vertically-aligned-top is-layout-flow wp-container-core-column-is-layout-119bc444 wp-block-column-is-layout-flow\" style=\"flex-basis:45%\">\n<div class=\"wp-block-group has-background-alt-background-color has-background is-layout-constrained wp-container-core-group-is-layout-f25d990f wp-block-group-is-layout-constrained\" style=\"border-radius:7px;min-height:320px;margin-top:0px;padding-top:50px;padding-right:50px;padding-bottom:50px;padding-left:50px\">\n<figure class=\"wp-block-image aligncenter size-full is-resized\"><img decoding=\"async\" src=\"http:\/\/kmyazilim.com\/wp-content\/themes\/blockpage\/assets\/images\/icon_location.png\" alt=\"\" class=\"wp-image-1712\" style=\"object-fit:cover;width:60px;height:60px\"\/><\/figure>\n\n\n\n<h4 class=\"wp-block-heading has-text-align-center has-large-font-size\" style=\"margin-top:32px;font-style:normal;font-weight:500\">Adres<\/h4>\n\n\n\n<ul style=\"padding-top:0;padding-right:0;padding-bottom:0;padding-left:0;font-style:normal;font-weight:400;line-height:1.5\" class=\"is-style-list-style-no-bullet blockpage-list-centered has-foreground-color has-text-color has-medium-font-size wp-block-list\">\n<li class=\"has-small-font-size\">Ostim OSB Mahallesi Cevat D\u00fcndar Caddesi No:1 D:Kat:1, No:10, OST\u0130M OSB\/YEN\u0130MAHALLE\/ANKARA<\/li>\n<\/ul>\n<\/div>\n<\/div>\n\n\n\n<div class=\"wp-block-column is-vertically-aligned-top is-layout-flow wp-block-column-is-layout-flow\" style=\"padding-right:0;padding-left:0;flex-basis:55%\">\n<div class=\"wp-block-group has-background-alt-background-color has-background is-layout-constrained wp-container-core-group-is-layout-f25d990f wp-block-group-is-layout-constrained\" style=\"border-radius:7px;min-height:320px;margin-top:0px;padding-top:50px;padding-right:50px;padding-bottom:50px;padding-left:50px\">\n<figure class=\"wp-block-image aligncenter size-full is-resized\"><img decoding=\"async\" src=\"http:\/\/kmyazilim.com\/wp-content\/themes\/blockpage\/assets\/images\/icon_phone.png\" alt=\"\" class=\"wp-image-1714\" style=\"object-fit:cover;width:60px;height:60px\"\/><\/figure>\n\n\n\n<h4 class=\"wp-block-heading has-text-align-center has-large-font-size\" style=\"margin-top:32px;font-style:normal;font-weight:500\">Telefon<\/h4>\n\n\n\n<ul style=\"padding-right:0;padding-left:0;font-style:normal;font-weight:400\" class=\"is-style-list-style-no-bullet blockpage-list-centered has-foreground-color has-text-color has-medium-font-size wp-block-list\">\n<li class=\"has-medium-font-size\" style=\"font-style:normal;font-weight:400\"><\/li>\n<\/ul>\n<\/div>\n<\/div>\n\n\n\n<div class=\"wp-block-column is-vertically-aligned-top is-layout-flow wp-block-column-is-layout-flow\" style=\"padding-right:0;padding-left:0;flex-basis:55%\">\n<div class=\"wp-block-group has-background-alt-background-color has-background is-layout-constrained wp-container-core-group-is-layout-f25d990f wp-block-group-is-layout-constrained\" style=\"border-radius:7px;min-height:320px;margin-top:0px;padding-top:50px;padding-right:50px;padding-bottom:50px;padding-left:50px\">\n<figure class=\"wp-block-image aligncenter size-full is-resized\"><img decoding=\"async\" src=\"http:\/\/kmyazilim.com\/wp-content\/themes\/blockpage\/assets\/images\/icon_email.png\" alt=\"\" class=\"wp-image-1712\" style=\"object-fit:cover;width:60px;height:60px\"\/><\/figure>\n\n\n\n<h4 class=\"wp-block-heading has-text-align-center has-large-font-size\" style=\"margin-top:32px;font-style:normal;font-weight:500\">E-posta<\/h4>\n\n\n\n<ul style=\"padding-right:0;padding-left:0;font-style:normal;font-weight:400\" class=\"is-style-list-style-no-bullet blockpage-list-centered has-foreground-color has-text-color has-medium-font-size wp-block-list\">\n<li class=\"has-medium-font-size\" style=\"font-style:normal;font-weight:400\"><a href=\"mailto:info@kmyazilim.com\">info@kmyazilim.com<\/a><\/li>\n<\/ul>\n<\/div>\n<\/div>\n<\/div>\n\n\n\n<div class=\"wp-block-columns are-vertically-aligned-top is-layout-flex wp-container-core-columns-is-layout-dae819a5 wp-block-columns-is-layout-flex\" style=\"margin-top:70px\">\n<div class=\"wp-block-column is-vertically-aligned-top is-layout-flow wp-block-column-is-layout-flow\" style=\"padding-right:0;padding-left:0;flex-basis:100%\">\n<div class=\"wp-block-group is-style-default has-background-alt-background-color has-background is-layout-constrained wp-container-core-group-is-layout-ff120509 wp-block-group-is-layout-constrained\" style=\"border-radius:7px;min-height:320px;margin-top:50px;padding-top:50px;padding-right:50px;padding-bottom:50px;padding-left:50px\">\n<h1 class=\"wp-block-heading has-text-align-center blockpage-heading has-xx-large-font-size\" style=\"font-style:normal;font-weight:500\"><strong>Sorular\u0131n\u0131z \u0130\u00e7in Biz Buraday\u0131z<\/strong><\/h1>\n\n\n\n<div class=\"wp-block-columns is-layout-flex wp-container-core-columns-is-layout-28f84493 wp-block-columns-is-layout-flex\">\n<div class=\"wp-block-column is-layout-flow wp-block-column-is-layout-flow\" style=\"padding-top:var(--wp--preset--spacing--70)\">\n<div class=\"wp-block-contact-form-7-contact-form-selector\">\n<div class=\"wpcf7 no-js\" id=\"wpcf7-f4-o1\" lang=\"tr-TR\" dir=\"ltr\">\n<div class=\"screen-reader-response\"><p role=\"status\" aria-live=\"polite\" aria-atomic=\"true\"><\/p> <ul><\/ul><\/div>\n<form action=\"\/index.php\/wp-json\/wp\/v2\/pages\/51#wpcf7-f4-o1\" method=\"post\" class=\"wpcf7-form init\" aria-label=\"Contact form\" novalidate=\"novalidate\" data-status=\"init\">\n<div style=\"display: none;\">\n<input type=\"hidden\" name=\"_wpcf7\" value=\"4\" \/>\n<input type=\"hidden\" name=\"_wpcf7_version\" value=\"5.8.6\" \/>\n<input type=\"hidden\" name=\"_wpcf7_locale\" value=\"tr_TR\" \/>\n<input type=\"hidden\" name=\"_wpcf7_unit_tag\" value=\"wpcf7-f4-o1\" \/>\n<input type=\"hidden\" name=\"_wpcf7_container_post\" value=\"0\" \/>\n<input type=\"hidden\" name=\"_wpcf7_posted_data_hash\" value=\"\" \/>\n<\/div>\n<p><label> Ad\u0131n\u0131z<br \/>\n<span class=\"wpcf7-form-control-wrap\" data-name=\"your-name\"><input size=\"40\" class=\"wpcf7-form-control wpcf7-text wpcf7-validates-as-required\" autocomplete=\"name\" aria-required=\"true\" aria-invalid=\"false\" value=\"\" type=\"text\" name=\"your-name\" \/><\/span> <\/label>\n<\/p>\n<p><label> E-posta adresiniz<br \/>\n<span class=\"wpcf7-form-control-wrap\" data-name=\"your-email\"><input size=\"40\" class=\"wpcf7-form-control wpcf7-email wpcf7-validates-as-required wpcf7-text wpcf7-validates-as-email\" autocomplete=\"email\" aria-required=\"true\" aria-invalid=\"false\" value=\"\" type=\"email\" name=\"your-email\" \/><\/span> <\/label>\n<\/p>\n<p><label> Konu<br \/>\n<span class=\"wpcf7-form-control-wrap\" data-name=\"your-subject\"><input size=\"40\" class=\"wpcf7-form-control wpcf7-text wpcf7-validates-as-required\" aria-required=\"true\" aria-invalid=\"false\" value=\"\" type=\"text\" name=\"your-subject\" \/><\/span> <\/label>\n<\/p>\n<p><label> \u0130letiniz (tercihe ba\u011fl\u0131)<br \/>\n<span class=\"wpcf7-form-control-wrap\" data-name=\"your-message\"><textarea cols=\"40\" rows=\"10\" class=\"wpcf7-form-control wpcf7-textarea\" aria-invalid=\"false\" name=\"your-message\"><\/textarea><\/span> <\/label>\n<\/p>\n<p><input class=\"wpcf7-form-control wpcf7-submit has-spinner\" type=\"submit\" value=\"G\u00f6nder\" \/>\n<\/p><div class=\"wpcf7-response-output\" aria-hidden=\"true\"><\/div>\n<\/form>\n<\/div>\n<\/div>\n<\/div>\n\n\n\n<div class=\"wp-block-column is-layout-flow wp-block-column-is-layout-flow\" style=\"padding-top:var(--wp--preset--spacing--70)\">\n<iframe src=\"https:\/\/www.google.com\/maps\/embed?pb=!1m14!1m8!1m3!1d12229.298241089624!2d32.7361865!3d39.9788517!3m2!1i1024!2i768!4f13.1!3m3!1m2!1s0x14d349ebb4c4baa9%3A0x7b997922a1c8ef76!2sOstim%20Teknopark%20Turuncu%20Bina!5e0!3m2!1str!2str!4v1704285046293!5m2!1str!2str\" width=\"500\" height=\"500\" style=\"border:0;\" allowfullscreen=\"\" loading=\"lazy\" referrerpolicy=\"no-referrer-when-downgrade\"><\/iframe>\n<\/div>\n<\/div>\n<\/div>\n<\/div>\n<\/div>\n<\/div>\n\n\n\n<div class=\"wp-block-group is-content-justification-right is-layout-constrained wp-container-core-group-is-layout-f1f2ed93 wp-block-group-is-layout-constrained\">\n<div class=\"wp-block-group is-layout-constrained wp-block-group-is-layout-constrained\"><\/div>\n<\/div>\n","protected":false},"excerpt":{"rendered":"<p>Bize Ula\u015f\u0131n \u0130htiya\u00e7lar\u0131n\u0131za Uygun \u00c7\u00f6z\u00fcmler \u0130\u00e7in Bize Ula\u015f\u0131n Adres Telefon E-posta Sorular\u0131n\u0131z \u0130\u00e7in Biz Buraday\u0131z<\/p>\n","protected":false},"author":1,"featured_media":0,"parent":0,"menu_order":0,"comment_status":"closed","ping_status":"closed","template":"","meta":{"footnotes":""},"class_list":["post-51","page","type-page","status-publish","hentry"],"yoast_head":"<!-- This site is optimized with the Yoast SEO plugin v20.7 - https:\/\/yoast.com\/wordpress\/plugins\/seo\/ -->\n<title>\u0130leti\u015fim - KM Yaz\u0131l\u0131m<\/title>\n<meta name=\"robots\" content=\"index, follow, max-snippet:-1, max-image-preview:large, max-video-preview:-1\" \/>\n<link rel=\"canonical\" href=\"http:\/\/kmyazilim.com\/index.php\/iletisim\/\" \/>\n<meta property=\"og:locale\" content=\"tr_TR\" \/>\n<meta property=\"og:type\" content=\"article\" \/>\n<meta property=\"og:title\" content=\"\u0130leti\u015fim - KM Yaz\u0131l\u0131m\" \/>\n<meta property=\"og:description\" content=\"Bize Ula\u015f\u0131n \u0130htiya\u00e7lar\u0131n\u0131za Uygun \u00c7\u00f6z\u00fcmler \u0130\u00e7in Bize Ula\u015f\u0131n Adres Telefon E-posta Sorular\u0131n\u0131z \u0130\u00e7in Biz Buraday\u0131z\" \/>\n<meta property=\"og:url\" content=\"http:\/\/kmyazilim.com\/index.php\/iletisim\/\" \/>\n<meta property=\"og:site_name\" content=\"KM Yaz\u0131l\u0131m\" \/>\n<meta property=\"article:modified_time\" content=\"2024-01-31T13:20:08+00:00\" \/>\n<meta property=\"og:image\" content=\"http:\/\/kmyazilim.com\/wp-content\/themes\/blockpage\/assets\/images\/icon_location.png\" \/>\n<meta name=\"twitter:card\" content=\"summary_large_image\" \/>\n<meta name=\"twitter:label1\" content=\"Tahmini okuma s\u00fcresi\" \/>\n\t<meta name=\"twitter:data1\" content=\"1 dakika\" \/>\n<script type=\"application\/ld+json\" class=\"yoast-schema-graph\">{\"@context\":\"https:\/\/schema.org\",\"@graph\":[{\"@type\":\"WebPage\",\"@id\":\"http:\/\/kmyazilim.com\/index.php\/iletisim\/\",\"url\":\"http:\/\/kmyazilim.com\/index.php\/iletisim\/\",\"name\":\"\u0130leti\u015fim - KM Yaz\u0131l\u0131m\",\"isPartOf\":{\"@id\":\"http:\/\/kmyazilim.com\/#website\"},\"datePublished\":\"2024-01-03T10:00:46+00:00\",\"dateModified\":\"2024-01-31T13:20:08+00:00\",\"breadcrumb\":{\"@id\":\"http:\/\/kmyazilim.com\/index.php\/iletisim\/#breadcrumb\"},\"inLanguage\":\"tr\",\"potentialAction\":[{\"@type\":\"ReadAction\",\"target\":[\"http:\/\/kmyazilim.com\/index.php\/iletisim\/\"]}]},{\"@type\":\"BreadcrumbList\",\"@id\":\"http:\/\/kmyazilim.com\/index.php\/iletisim\/#breadcrumb\",\"itemListElement\":[{\"@type\":\"ListItem\",\"position\":1,\"name\":\"Anasayfa\",\"item\":\"http:\/\/kmyazilim.com\/\"},{\"@type\":\"ListItem\",\"position\":2,\"name\":\"\u0130leti\u015fim\"}]},{\"@type\":\"WebSite\",\"@id\":\"http:\/\/kmyazilim.com\/#website\",\"url\":\"http:\/\/kmyazilim.com\/\",\"name\":\"KM Yaz\u0131l\u0131m\",\"description\":\"Etkin Yaz\u0131l\u0131m \u00c7\u00f6z\u00fcmleri\",\"potentialAction\":[{\"@type\":\"SearchAction\",\"target\":{\"@type\":\"EntryPoint\",\"urlTemplate\":\"http:\/\/kmyazilim.com\/?s={search_term_string}\"},\"query-input\":\"required name=search_term_string\"}],\"inLanguage\":\"tr\"}]}<\/script>\n<!-- \/ Yoast SEO plugin. -->","yoast_head_json":{"title":"\u0130leti\u015fim - KM Yaz\u0131l\u0131m","robots":{"index":"index","follow":"follow","max-snippet":"max-snippet:-1","max-image-preview":"max-image-preview:large","max-video-preview":"max-video-preview:-1"},"canonical":"http:\/\/kmyazilim.com\/index.php\/iletisim\/","og_locale":"tr_TR","og_type":"article","og_title":"\u0130leti\u015fim - KM Yaz\u0131l\u0131m","og_description":"Bize Ula\u015f\u0131n \u0130htiya\u00e7lar\u0131n\u0131za Uygun \u00c7\u00f6z\u00fcmler \u0130\u00e7in Bize Ula\u015f\u0131n Adres Telefon E-posta Sorular\u0131n\u0131z \u0130\u00e7in Biz Buraday\u0131z","og_url":"http:\/\/kmyazilim.com\/index.php\/iletisim\/","og_site_name":"KM Yaz\u0131l\u0131m","article_modified_time":"2024-01-31T13:20:08+00:00","og_image":[{"url":"http:\/\/kmyazilim.com\/wp-content\/themes\/blockpage\/assets\/images\/icon_location.png"}],"twitter_card":"summary_large_image","twitter_misc":{"Tahmini okuma s\u00fcresi":"1 dakika"},"schema":{"@context":"https:\/\/schema.org","@graph":[{"@type":"WebPage","@id":"http:\/\/kmyazilim.com\/index.php\/iletisim\/","url":"http:\/\/kmyazilim.com\/index.php\/iletisim\/","name":"\u0130leti\u015fim - KM Yaz\u0131l\u0131m","isPartOf":{"@id":"http:\/\/kmyazilim.com\/#website"},"datePublished":"2024-01-03T10:00:46+00:00","dateModified":"2024-01-31T13:20:08+00:00","breadcrumb":{"@id":"http:\/\/kmyazilim.com\/index.php\/iletisim\/#breadcrumb"},"inLanguage":"tr","potentialAction":[{"@type":"ReadAction","target":["http:\/\/kmyazilim.com\/index.php\/iletisim\/"]}]},{"@type":"BreadcrumbList","@id":"http:\/\/kmyazilim.com\/index.php\/iletisim\/#breadcrumb","itemListElement":[{"@type":"ListItem","position":1,"name":"Anasayfa","item":"http:\/\/kmyazilim.com\/"},{"@type":"ListItem","position":2,"name":"\u0130leti\u015fim"}]},{"@type":"WebSite","@id":"http:\/\/kmyazilim.com\/#website","url":"http:\/\/kmyazilim.com\/","name":"KM Yaz\u0131l\u0131m","description":"Etkin Yaz\u0131l\u0131m \u00c7\u00f6z\u00fcmleri","potentialAction":[{"@type":"SearchAction","target":{"@type":"EntryPoint","urlTemplate":"http:\/\/kmyazilim.com\/?s={search_term_string}"},"query-input":"required name=search_term_string"}],"inLanguage":"tr"}]}},"_links":{"self":[{"href":"http:\/\/kmyazilim.com\/index.php\/wp-json\/wp\/v2\/pages\/51","targetHints":{"allow":["GET"]}}],"collection":[{"href":"http:\/\/kmyazilim.com\/index.php\/wp-json\/wp\/v2\/pages"}],"about":[{"href":"http:\/\/kmyazilim.com\/index.php\/wp-json\/wp\/v2\/types\/page"}],"author":[{"embeddable":true,"href":"http:\/\/kmyazilim.com\/index.php\/wp-json\/wp\/v2\/users\/1"}],"replies":[{"embeddable":true,"href":"http:\/\/kmyazilim.com\/index.php\/wp-json\/wp\/v2\/comments?post=51"}],"version-history":[{"count":43,"href":"http:\/\/kmyazilim.com\/index.php\/wp-json\/wp\/v2\/pages\/51\/revisions"}],"predecessor-version":[{"id":242,"href":"http:\/\/kmyazilim.com\/index.php\/wp-json\/wp\/v2\/pages\/51\/revisions\/242"}],"wp:attachment":[{"href":"http:\/\/kmyazilim.com\/index.php\/wp-json\/wp\/v2\/media?parent=51"}],"curies":[{"name":"wp","href":"https:\/\/api.w.org\/{rel}","templated":true}]}}